h - 5*m. What is the tens digit of h?
1
Let f = 0 - -5. Suppose -f*g - 23 = -228. What is the tens digit of g?
4
Let l(q) = q + 7. Let b be l(-3). Suppose h = b*h + 15. Let j(x) = x**3 + 5*x**2 - x - 4. What is the units digit of j(h)?
1
Suppose -2*w + 532 = 5*u, 11*w - 9*w = 4*u - 440. What is the units digit of u?
8
Let k be (140/(-8))/5*-6. What is the units digit of (196/k)/(1/3)?
8
Let n(c) = c + 21. What is the units digit of n(18)?
9
Let h(s) = -4*s - 3. Let p be h(-3). Let k(l) = -l**2 + 12*l - 11. What is the tens digit of k(p)?
1
Let z = 146 + -85. What is the units digit of z?
1
Let z(k) be the third derivative of k**5/60 + 3*k**4/8 + 11*k**3/6 - k**2. What is the tens digit of z(-9)?
1
Suppose -3*u - 5*w = -5, 3 = -w + 4. Suppose u = 3*m + 1 + 20. Let b = 8 - m. What is the tens digit of b?
1
Suppose 5*z - 2*s = -5*s + 765, 0 = -z - 5*s + 153. What is the tens digit of z?
5
Suppose -2*m + 41 = 3*w, -m - 3*m - 4*w + 76 = 0. Let y(d) = d**3 + 3*d**2 - 2*d + 3. Let o be y(-3). Let h = m - o. What is the units digit of h?
7
Suppose 3*c = -14 + 65. Suppose -4*z + 23 = d + 2, -c = 2*z - 5*d. Suppose 0 = -3*y + 3, -z*r + 2*y = -0 - 10. What is the units digit of r?
3
Let t(o) = 12*o**2 - o. Suppose -4*g - 21 = -7*v + 2*v, -4 = g. What is the units digit of t(v)?
1
Let o(g) = g**2 - 8*g. Let q be o(9). Let z = q - 7. Let c(y) = 4*y**2 - y + 1. What is the units digit of c(z)?
5
Let d = -137 + 201. What is the tens digit of d?
6
Suppose -3*g = -118 - 182. Suppose -6*f = -10*f + g. What is the units digit of f?
5
Suppose -z + 5*a = -0*z - 104, -5*z = 3*a - 436. What is the units digit of z?
9
Let x(g) = 14*g**2 - g - 1. What is the units digit of x(-1)?
4
Let u be 66/8 + 3/4. Let y(t) = t + 11. What is the tens digit of y(u)?
2
Let g = -531 + 933. What is the hundreds digit of g?
4
Suppose 0*d + 3*f + 83 = -5*d, -3*f + 45 = -3*d. Let t(v) = -3*v + 5. Let a be t(-6). Let z = a + d. What is the units digit of z?
7
Suppose 5*h + 2*f - 50 - 39 = 0, -2*f - 81 = -5*h. What is the units digit of h?
7
Suppose 0 = 2*t - 23 - 33. Let q = -16 + t. What is the units digit of q?
2
Let x be (-2 + 1)*(-2 - 87). Suppose 0 = 4*v - c - x, 0*v + 3*c - 32 = -v. What is the tens digit of v?
2
Let g = 9 - 3. What is the tens digit of (-99)/(-5) - g/(-30)?
2
Let y(v) = 4*v**2 + 0*v + v**3 + v - 5*v**2 + 0*v + 11. Suppose 0 = -q + 3*q. What is the units digit of y(q)?
1
Suppose 2*f - 3*r + 5 = 0, -4*f - r = -f - 20. Suppose 55 = f*x + 5. What is the tens digit of x?
1
Suppose 121 + 583 = 8*a. What is the tens digit of a?
8
Suppose -6*z = -z - 125. What is the units digit of z?
5
Let v(j) = -5*j**3 + 8*j + 22. What is the hundreds digit of v(-4)?
3
Let k(c) = -9*c + 15. Let r(y) = -2*y + 3. Let z(h) = -2*k(h) + 11*r(h). What is the units digit of z(-3)?
5
Let t(i) = i**2 + 10*i + 14. Suppose 3*v + 34 = 4. What is the units digit of t(v)?
4
Suppose 4*f - 162 = -2*c, 2*f + 5*c - 159 = -2*f. What is the tens digit of f?
4
Let a be (3/(-2))/(7/(-14)). Suppose a*u = 8*u + 50. What is the units digit of (-6)/u - (-24)/10?
3
Let r(h) = h**3 + 4*h**2 - 3*h - 5. What is the units digit of r(-2)?
9
Let b be (-20)/(-5) - (0 + -1). Suppose 44 = -3*q + 4*a + a, -b*a = 5*q + 140. Let p = -15 - q. What is the units digit of p?
8
Let a(v) = v**2 + 8*v + 11. Let x = -4 + -6. What is the units digit of a(x)?
1
Suppose 797 + 3246 = 13*l. What is the hundreds digit of l?
3
What is the tens digit of 19*14*1 + (-4 - -1)?
6
Suppose -28 = 2*f + 24. Suppose 7 = -i - 1. Let g = i - f. What is the tens digit of g?
1
Let g = 191 + -133. What is the tens digit of g?
5
Let t(m) = -m**2 + 15*m + 22. What is the tens digit of t(9)?
7
Let x = 6 - -27. What is the units digit of x?
3
Let f(v) be the third derivative of -v**4/12 + 3*v**3/2 + v**2. What is the units digit of f(4)?
1
Let m(d) = -d**3 + 7*d**2 + 8*d. Let r = -9 - -17. Let n be m(r). Suppose n*u - 3 = -u. What is the units digit of u?
3
Let w(g) = 1 - 4 - 6*g - 1 + 0. Let i be w(-4). Suppose 5*d = -5*m + i, -d + 2 = 1. What is the units digit of m?
3
Suppose -4 = -3*x - 1. Let b be (x*-3)/((-6)/4). Suppose 0*t = 2*t - b. What is the units digit of t?
1
Suppose 4*y + 10 = -2*i, -3*y = -2*i + 4*i + 6. What is the units digit of i?
3
Let d(l) = 3*l + 3. Let r(v) = -v - 1. Let s(f) = -2*d(f) - 5*r(f). Let x be s(-7). What is the units digit of 1*(4 + x/3)?
6
Let j(t) = -t + 10. Let s(z) = -z**3 + 5*z**2 - 3*z - 4. Let a be s(3). Suppose 2*d - 31 = 4*y - a, 3*y = -12. What is the units digit of j(d)?
5
Suppose 0 = 3*k + p + 1, 4*k = -4*p - 17 + 5. Let n be (-10)/30 - 31/(-3). Let g = n + k. What is the units digit of g?
1
Let r = -328 - -527. What is the units digit of r?
9
Suppose -20 = -j - 3*j. Suppose -j*v = -v. Suppose -2*n + 10 + 2 = v. What is the units digit of n?
6
Let m = 52 - 27. What is the units digit of m?
5
Let b(g) = 2*g**2 + 5*g + 2. Let w be b(-3). Suppose -16 = -w*h + 29. What is the units digit of h?
9
Let k be (1 + 0 - 4) + -2. Let x = 16 + k. What is the tens digit of x?
1
Let y(d) = -3*d - 7 + 3*d + d - 3*d. What is the units digit of y(-6)?
5
Let d be 156/9 + (-4)/(-6). Let b = d - 13. What is the units digit of b?
5
Let j be -3*((-3)/9 - -1). What is the units digit of 1/j - 21/(-2)?
0
Let a = 0 + 3. Suppose 0*m - 51 = -a*m. What is the tens digit of m?
1
Let b(y) = -6*y**2 + y. Let k be b(2). Let d = k + 16. Let t(q) = -q**2 - 8*q - 7. What is the units digit of t(d)?
5
Let s = -157 + 198. What is the tens digit of s?
4
Let o be 1*-3*2/(-2). Let m be (-2)/8 - 82/(-8). Suppose 4*z = 3*f + m, o*f + 2 = 4*f. What is the units digit of z?
4
Suppose -3*r - 6*t + 119 = -4*t, r = -3*t + 35. What is the tens digit of r?
4
Suppose 6*o + 3*o - 1161 = 0. What is the tens digit of o?
2
Suppose 40 = l - 6*l. Let o = -7 - l. What is the units digit of o?
1
Suppose 0*t - 4*t + 18 = 5*b, -2*b - 5*t + 14 = 0. Suppose 0 = -n + 2*c - 5, 0 = -5*n + 3*c - 2 - b. What is the units digit of n?
1
Let h(w) = w**2 + 2*w + 38. What is the units digit of h(0)?
8
Let m(v) = v**3 - 2*v**2 - 4*v + 3. Let o be m(3). Suppose 0 = 4*p - o*p - 4. Suppose u - 5*k = 5*u - 10, u - p = -2*k. What is the units digit of u?
5
Let v be (-1 - 0)/((-1)/5). Suppose -3*p + 1 = -2*f - 4, 5 = -v*p. What is the units digit of 18/f*(-8)/6?
6
Let h(v) = 15*v**2 + 6*v. What is the tens digit of h(-3)?
1
What is the units digit of 4 - -15 - (-3 - -1)?
1
Let f = -3 - -32. What is the units digit of f?
9
Let v(r) = -6*r**2 - 8*r + 5. Let l(u) = -u**3 + u**2 - 1. Let w(p) = -l(p) + v(p). What is the units digit of w(8)?
6
Suppose k = -l + 5, -3*k + 5*l + 47 + 0 = 0. Let c(m) = 5 + 2*m**2 - 4 - m**2 - 7*m. What is the tens digit of c(k)?
1
Let a = 0 - -1. Suppose t - 2 = a. Suppose 0 = 5*k - 20, t*u = 4*k - k + 21. What is the tens digit of u?
1
Let o(b) = b**3 + 4*b**2 + b - 3. Let q be o(-3). Suppose z + 7 = q*a, z = -a + 3*z + 4. What is the units digit of a?
2
Let g(y) = y**2 - y + 4. Let v be g(0). Suppose z = 4, -3*z + v*z - 11 = -d. What is the units digit of d?
7
Let i be (-8)/14 + (-195)/(-35). Suppose -2*c = p - 50, -3*p + 120 = 5*c - i. What is the units digit of c?
5
Let g(h) = -19*h + 1. Let y be g(1). What is the tens digit of (-60)/y*18/4?
1
Let w(a) = -a**2 - 10*a - 4. Let x be w(-10). Let r(m) = 2*m**2 + 2*m - 3. What is the units digit of r(x)?
1
Let j be (-1 - -3)/(24/60). Suppose 16 = -3*s + j*s. What is the units digit of s?
8
Suppose -6 = 2*g - 3*p, 0 = 5*p - 19 - 1. Suppose -3*m + 2*w = m - 102, g*w - 155 = -5*m. What is the units digit of m?
8
Suppose -o - 644 = -2*b - 3*b, 4*b - 512 = 4*o. What is the hundreds digit of b?
1
Let a be 2/6*159/1. Let i = -38 + a. Suppose -z + i = 4*z. What is the units digit of z?
3
Let j(t) = t**2 + 74. Let l be j(0). Suppose -2*w + 4*m - 24 - 32 = 0, 3*w = m - l. What is the units digit of (9/(-12))/(2/w)?
9
Suppose -11 = 2*j - 29. Let y = -5 + j. Let r = -1 + y. What is the units digit of r?
3
Let v(h) = h**3 + 8*h**2 + 8*h - 2. Suppose 2*t + 20 = 4*o, o - 6 = -0*t + t. Let i = t + -4. What is the tens digit of v(i)?
2
Suppose 4*o = -o + 3*v, 0 = -4*o + 4*v. Suppose k + 1 - 7 = o. What is the units digit of k?
6
Let k(h) = -h**3 + 2*h**2 + 2*h - 4. Let w be k(4). Let c = -13 - w. What is the units digit of c?
5
